at is z(j)?
1
Let t(s) = -70*s + 38*s + 33*s + 3. Calculate t(-3).
0
Let k(m) = -m**3 + 5*m**2 + 8*m - 5. Suppose 3*c + 3 = 0, -10 = -2*g + c + 7. Suppose 3*t = -0*t + 12. Suppose 2*q = t + g. Give k(q).
7
Suppose 3*z = 2*z + 2. Let j be 2/z - (-2 - 6). Let f = j - 7. Let i(h) = h**3 - 3*h**2 - 4*h + 3. What is i(f)?
-9
Let p(r) = r**3 - 3. Let o be (2 - (-5)/(-2))*0. Determine p(o).
-3
Suppose 5*r + 1 = g - 3, 3*r + 6 = -3*g. Let k(s) = -6*s**3 - s**2 - s. Give k(r).
6
Let y(z) = -4*z + 3. Suppose -3*d - 4 = -5*a, -d = 2*a + 8 - 3. Give y(d).
15
Suppose -7*i + 2*i + 3*t = -30, 4*i + t = 24. Let r(n) = -9*n - i*n + 2 + 10*n. What is r(2)?
-8
Let y(g) = 4*g - 2. Let a be y(1). Let o(r) = r**a - 3 + 29*r + 8 - 23*r. Give o(-4).
-3
Suppose t + 2 = 2*t. Let n(c) = 2*c + 3 - 3*c + t*c + 4. Calculate n(0).
7
Let a(o) = 3*o - 23. Let v be a(7). Let m(u) = -2*u**3 - u**2 + u + 1. Calculate m(v).
11
Let f(t) = -t + 2 - 7 + 3 + 7. Determine f(5).
0
Let r = 2 - 2. Suppose 0 = -5*u - r*u. Suppose k - 3 + 4 = u. Let y(v) = 3*v**2 - 1. Determine y(k).
2
Let r(p) = 38 - 2*p**2 - 3*p**3 + 2*p**3 - 35 + 2*p**3 - 3*p. Calculate r(3).
3
Let h(p) = -p**3 - 4*p**2 + 5*p + 1. Let g(s) = -2*s**3 + 2*s**2 + 3. Let u be g(2). What is h(u)?
1
Suppose 5*c + 3*i + 22 = 2*i, 0 = 4*c - 3*i + 29. Let p(l) = -2*l**2 - 7*l + 2. Give p(c).
-13
Let c be -1*(-6)/(-9)*3. Let y(j) = 4*j - 6. Let q(m) = -4*m + 5. Let x(f) = -5*q(f) - 4*y(f). Give x(c).
-9
Let r = -12 + 14. Let t(q) = 2*q**2 - 2. What is t(r)?
6
Let y = -1 + 1. Let h(r) = 482*r**3 - 9 - 3 + r**2 - 483*r**3. Calculate h(y).
-12
Let b = -10 - -7. Let s(t) be the first derivative of t**4/4 + 2*t**3/3 - 3*t**2/2 - 1. Calculate s(b).
0
Let t be 12/(-3) + 1 + 3. Suppose 4*b + 3 - 19 = 0. Let x(l) = -b*l + 5*l + 0*l - 2. What is x(t)?
-2
Let l(z) = z**2 + 10*z + 19. Let u be l(-6). Let m(s) = -s**3 - 5*s**2 + 1 + s - 3 + 0*s. Determine m(u).
-7
Suppose -3*z - 2 + 11 = 0. Suppose -5 = x + 2*t, 2*t - 9 - 6 = z*x. Let s(f) = f - 6. Calculate s(x).
-11
Let l be 1 + 5/((-15)/27). Let j = 6 + l. Let z(c) = 2*c**2 + 2*c + 1. Let a be z(j). Let t(x) = -x**3 + 6*x**2 - 5*x - 6. Give t(a).
-6
Let v(z) be the second derivative of -z**4/12 - 7*z**3/3 + 3*z**2 - z. Let u be v(-14). Let r(o) = -o**3 + 5*o**2 + 5*o + 5. What is r(u)?
-1
Let b(w) = w**3 + 1. Suppose -3*i = 2*i + 30. Let d = i + 5. Calculate b(d).
0
Let w(q) = q**2 - 2. Let i be w(-2). Let l(k) = 4*k**2 - 3*k + 1. Give l(i).
11
Let k(p) = -p**3 - 2*p**2 - 5*p - 5. Let n be k(-2). Let f(a) = -2*a + 7. What is f(n)?
-3
Suppose -22 = -3*s - 5*r + 21, -2*s - 3 = -3*r. Let o(n) = -n + n + 3*n - 9. What is o(s)?
9
Let p(k) = -8*k**2 - k + 3. Let q(g) = 1. Let j(u) = p(u) - 2*q(u). Let d(b) = -b**3 + 3*b**2 + 5*b - 3. Let l be d(4). Calculate j(l).
-8
Let d(c) be the second derivative of 11*c**5/20 - c**4/12 - 6*c. Determine d(1).
10
Let a(u) = 14*u + 0 + 3*u**2 + 5 - 2*u**2 - 9*u. What is a(-4)?
1
Suppose 3*u = 6*u. Let x be 9/12*(-4)/(-1). Suppose u = x*y + y. Let n(d) = d**2 + d + 3. Calculate n(y).
3
Let w(z) = -6*z**2 - 3*z - 4. Let i be 32/6 - (-2)/(-6). Let x(a) = -a**2 + a. Let m(n) = i*x(n) - w(n). What is m(-6)?
-8
Let x be 1 + (7 + -3 - 3). Let i(j) = -46*j**2 + 2*j + 4*j + 1 + 47*j**x. What is i(-6)?
1
Let p(j) = -j**3 - 6*j**2 - 5*j. Suppose 8 = g - 5*x - 9, 0 = 5*g + x - 7. Suppose -9 - 17 = -2*l - 3*r, 0 = g*r. Suppose -l = 4*h + 7. Calculate p(h).
0
Let n(m) = m**2 - 4 - m + 7*m - 2*m. Suppose -25 = 4*i - h, 3*i - h + 16 = -3*h. Give n(i).
8
Suppose 0 = -m + 2*m - 10. Let a(n) = -n**2 + 10*n + 3. Let l be a(m). Let g(f) be the second derivative of f**5/20 - f**4/4 - f**2 - f. Give g(l).
-2
Let l(d) be the first derivative of d**2/2 - 2*d + 29. Let x be (-4)/(-10) + 8/5. Calculate l(x).
0
Let m(t) = 3*t + 5. Let a be (-8 + -2 + 0)/(-2). Let x(n) = n + 2. Let c(z) = a*x(z) - 2*m(z). Let w = 1 + -2. Give c(w).
1
Let a(p) be the first derivative of p**4/4 + 2*p**3 + 8*p - 4. Give a(-6).
8
Suppose 12 = -4*r + 3*r. Let s(i) = -i - 9. Let o be s(r). Let c be o*-1 + -1 + -2. Let v(h) = h + 8. Calculate v(c).
2
Let l(x) be the third derivative of x**6/120 + 2*x**5/15 + x**4/3 + 7*x**3/6 + 3*x**2. What is l(-7)?
0
Let g(y) be the second derivative of y**3/2 - y**2/2 + 8*y. What is g(3)?
8
Let q(w) = -8*w + 1. Suppose -y - 8 = -3*y + 2*j, -3*y + 5*j + 20 = 0. Suppose 4*r - 1 - 3 = y. Determine q(r).
-7
Let s(z) be the first derivative of 7*z**2/2 - 6. Determine s(-1).
-7
Let j be ((-6)/5)/((-2)/10). Let q(y) be the third derivative of y**5/60 - y**4/3 + 5*y**3/6 - 14*y**2. Give q(j).
-7
Let s(d) = 2*d**3 - 4*d**2 - 6*d + 11. Let c(u) = -u**3 + 2*u**2 + 3*u - 5. Let b(r) = 5*c(r) + 2*s(r). Let o = 0 - -3. Calculate b(o).
-3
Let g = 6 + -4. Let m be 3*g/(-3) + 4. Let r(h) = -2 + 3*h + 1 - m*h. Calculate r(-2).
-3
Let v(s) = s**3 + 9*s**2 + 8. Suppose 3*u + l + 31 = 0, u - 4*l = 11 - 4. Give v(u).
8
Let h(o) = -o - 5. Let f = 8 - 14. Let r be h(f). Let s(b) be the first derivative of b**4/4 - b**3/3 + b**2/2 - b - 2. What is s(r)?
0
Let n(h) = h**3 - 4*h**2 + 3*h + 1. Let q be n(4). Let y = -15 + q. Let p(k) = 1 - 3 - 3*k - k**2 + 0*k**2. What is p(y)?
0
Let k(q) = -q**2 - 3*q + 4. Let o be (4/6)/((-6)/45). Give k(o).
-6
Let o(f) = -7 - f - 2 + f**2 + 3. Let h = 16 - 11. Calculate o(h).
14
Let t(n) = -3*n**2 + 9*n + 2. Let m(x) = -2*x**2 + 4*x + 1. Let z(v) = 9*m(v) - 4*t(v). Let o = 4 + -1. Suppose -o*k - 2 = 1. Determine z(k).
-5
Let g(w) = -2*w**2 - 13. Let n be g(0). Let x = n + 11. Let c(q) = q + 2. Determine c(x).
0
Let u(v) = -5*v. Suppose -3*r + 0*r = -5*m - 1, -3*m - 18 = 4*r. Suppose 0*d = -4*d + 16. Let x = r + d. Calculate u(x).
-5
Let p = -9 + 4. Let l(d) = -d**2 - 4*d + 3. Calculate l(p).
-2
Let j = 307/6 - 51. Let b(t) be the second derivative of j*t**3 + 0 - 1/20*t**5 - 1/4*t**4 + 2*t - t**2. Calculate b(-3).
-5
Let l(x) = 2*x**2 + 0*x**2 + x - x**2 - 3. Let h(r) = -r - 19. Let s be h(-15). Calculate l(s).
9
Let i(s) = 4*s + 33. Let l be i(-7). Let m(u) = 3*u. What is m(l)?
15
Let k be -3*1*(13 + -14). Suppose 3*x - 11 = -2*p, x - 1 = -4*x + p. Let l(d) = 2*d**2 - d - d - 3*d + x + 1. What is l(k)?
5
Let j(x) = -5*x + 3. Suppose -5*y + 6*y + 4*b = 18, 3*y - 5*b + 14 = 0. Calculate j(y).
-7
Let q(t) = 6*t + 1. Let c be (18/(-15))/3*5. Give q(c).
-11
Let r(x) = -x**3 + 6*x**2 + 8*x - 3. Let p be r(7). Suppose 15 = -7*j + p*j. Let g(n) = n**2 + 4*n + 2. Calculate g(j).
7
Let x(p) = 11*p - 18. Let c(s) = 5*s - 9. Let t(q) = 13*c(q) - 6*x(q). Calculate t(-11).
2
Let m(i) be the second derivative of -i**4/12 - i**3/2 - 3*i**2/2 - i. Calculate m(-3).
-3
Let b be (11 + -15)/((-4)/3). Let s(c) = -c**2 + 4*c - 3. What is s(b)?
0
Let g(n) = n**2 - n + 1. Let y(a) = a**3 + 11*a**2 - 11*a + 7. Let m(t) = -3*g(t) + y(t). Let v be m(-9). Let p(j) = -j + 1. What is p(v)?
6
Let x(i) be the first derivative of i**6/120 + i**5/60 + i**4/24 - 3*i**2/2 - 3. Let n(b) be the second derivative of x(b). Determine n(-2).
-6
Let c(n) = n**2 + 6*n - 6. Let l be c(-6). Let m = l + 9. Let v(j) = -2 + 6 - 3 - 3*j. Calculate v(m).
-8
Let z = -3 - -2. Let c(j) = 3*j**2 - 2*j**2 + 0*j**2 - j**3. Calculate c(z).
2
Let v(p) = 7*p - 1. Let a(c) = c**3 + 9*c**2 - 10*c + 2. Let z be a(-10). Suppose -2 = -4*t + z*t. Determine v(t).
6
Let v(l) be the second derivative of -l**3/6 + l**2/2 + l. Determine v(5).
-4
Let m(o) = 0 - 4 - 2 + o**3 + 4*o**2 - 5*o. Suppose 84 = 4*y - y. Let f be (-2)/6 - y/6. Determine m(f).
-6
Let h(q) = 11 + 9 + 14 - 31 + 5*q. What is h(6)?
33
Let y(u) = -7*u - 4. Let x(n) = -6*n - 5. Let a(s) = -5*x(s) + 4*y(s). What is a(-7)?
-5
Let w(i) = -i - 5. Let c be w(-7). Let y(l) be the second derivative of l**3/6 - l**2/2 - l. Determine y(c).
1
Let j = -10 - -15. Let n(q) = q**3 - 5*q**2 + 2*q + 4. Determine n(j).
14
Let w = 16 + -10. Suppose w = x + x. Let l(h) = h. Determine l(x).
3
Let g(v) = v - v - v + 0. Let a(l) = 2*l - 3. Let t(c) = -a(c) - 4*g(c). Calculate t(-2).
-1
Suppose 4*v + 21 = v. Let q = v + 12. Let c(w) = 3*w - 7. Determine c(q).
8
Suppose -c + 8 - 5 = 0. Let y(j) = -j**2 - 3*j + 1. Let l(a) = 3*a**2 + 8*a - 3. Let z(g) = -6*l(g) - 17*y(g). Calculate z(c).
1
Let i(j) = j**2 + j**2 - 1 - 74*j - j**2 + 70*j. Give i(5).
4
Suppose 1 - 1 = -10*k. Let n(a) = a + 1.